t 147 (base 8) to base 14.
75
What is 22 (base 11) in base 13?
1b
Convert -49 (base 15) to base 6.
-153
Convert -1 (base 2) to base 7.
-1
Convert 3 (base 9) to base 14.
3
Convert -1 (base 8) to base 5.
-1
Convert a (base 11) to base 2.
1010
Convert 29 (base 13) to base 8.
43
What is 142 (base 9) in base 6?
315
Convert 4 (base 8) to base 10.
4
Convert -5 (base 16) to base 6.
-5
What is -14 (base 10) in base 6?
-22
2 (base 10) to base 15
2
Convert 4 (base 6) to base 3.
11
Convert 324 (base 5) to base 9.
108
Convert -4 (base 13) to base 14.
-4
4 (base 10) to base 12
4
Convert 1100 (base 2) to base 4.
30
Convert -21 (base 14) to base 16.
-1d
Convert 100 (base 2) to base 9.
4
Convert 6 (base 14) to base 6.
10
-28 (base 15) to base 6
-102
What is 2 (base 14) in base 13?
2
Convert -10101 (base 2) to base 10.
-21
What is -111000 (base 2) in base 5?
-211
-1 (base 11) to base 4
-1
Convert -4 (base 8) to base 16.
-4
What is 43 (base 6) in base 12?
23
Convert 11 (base 5) to base 10.
6
What is 9 (base 12) in base 10?
9
-11 (base 14) to base 8
-17
Convert 10011111 (base 2) to base 12.
113
Convert 5 (base 13) to base 5.
10
What is 1010 (base 2) in base 8?
12
What is -1000 (base 2) in base 5?
-13
What is 31 (base 6) in base 8?
23
What is -45 (base 14) in base 12?
-51
What is -5 (base 11) in base 16?
-5
2 (base 3) to base 15
2
Convert 0 (base 9) to base 13.
0
What is -22 (base 5) in base 12?
-10
Convert -11 (base 9) to base 11.
-a
What is 2a (base 11) in base 14?
24
Convert -b7 (base 16) to base 2.
-10110111
Convert -5 (base 16) to base 3.
-12
What is 100 (base 2) in base 14?
4
-27 (base 13) to base 14
-25
Convert -20 (base 7) to base 3.
-112
Convert 0 (base 6) to base 9.
0
What is 45 (base 16) in base 8?
105
20000 (base 3) to base 13
c6
What is -15 (base 7) in base 2?
-1100
Convert d9 (base 15) to base 8.
314
What is 27 (base 12) in base 15?
21
Convert -10211 (base 3) to base 11.
-94
Convert -15 (base 8) to base 4.
-31
-6 (base 12) to base 10
-6
Convert -1 (base 13) to base 8.
-1
What is -12 (base 5) in base 6?
-11
-18 (base 16) to base 3
-220
Convert 6 (base 10) to base 2.
110
What is -1 (base 5) in base 8?
-1
Convert 11 (base 6) to base 5.
12
4 (base 12) to base 16
4
0 (base 8) to base 10
0
-3 (base 4) to base 12
-3
2 (base 16) to base 2
10
-156 (base 7) to base 12
-76
Convert 16b (base 14) to base 10.
291
Convert -4 (base 8) to base 11.
-4
What is 37 (base 8) in base 9?
34
Convert -1110 (base 2) to base 16.
-e
-230 (base 9) to base 6
-513
What is 20 (base 9) in base 16?
12
Convert 314 (base 5) to base 8.
124
10 (base 8) to base 6
12
What is -17 (base 12) in base 6?
-31
What is 11 (base 10) in base 12?
b
What is 48 (base 9) in base 15?
2e
Convert 6 (base 10) to base 16.
6
What is -1 (base 13) in base 9?
-1
What is 25 (base 14) in base 5?
113
0 (base 10) to base 9
0
17 (base 11) to base 3
200
What is -112 (base 4) in base 7?
-31
121 (base 3) to base 2
10000
What is -10 (base 2) in base 12?
-2
-22 (base 4) to base 16
-a
Convert -36 (base 10) to base 9.
-40
10 (base 2) to base 9
2
What is 21 (base 10) in base 16?
15
What is 2 (base 5) in base 6?
2
What is -50 (base 12) in base 11?
-55
-a (base 12) to base 9
-11
-1 (base 14) to base 15
-1
11 (base 9) to base 8
12
137 (base 8) to base 10
95
What is -3 (base 9) in base 13?
-3
Convert -11030 (base 4) to base 7.
-653
Convert 21 (base 5) to base 9.
12
-110 (base 9) to base 16
-5a
What is -20 (base 10) in base 8?
-24
Convert -157 (base 13) to base 2.
-11110001
Convert 12 (base 10) to base 8.
14
-3 (base 9) to base 6
-3
Convert -60 (base 16) to base 8.
-140
Convert 133 (base 6) to base 7.
111
What is 4c (base 14) in base 3?
2112
What is -4 (base 7) in base 2?
-100
What is 10 (base 2) in base 3?
2
21 (base 11) to base 7
32
What is -124 (base 6) in base 12?
-44
Convert -150 (base 13) to base 7.
-453
What is -255 (base 6) in base 8?
-153
Convert -8 (base 12) to base 10.
-8
What is 1 (base 15) in base 7?
1
Convert -3 (base 16) to base 8.
-3
What is -3 (base 15) in base 12?
-3
What is 67 (base 8) in base 9?
61
What is -22 (base 3) in base 10?
-8
-13 (base 15) to base 4
-102
-11 (base 12) to base 16
-d
What is 4 (base 12) in base 5?
4
Convert 6 (base 10) to base 7.
6
What is 171 (base 8) in base 4?
1321
-4 (base 9) to base 3
-11
-79 (base 11) to base 5
-321
-101000000 (base 2) to base 15
-165
Convert 1001100 (base 2) to base 10.
76
-10 (base 2) to base 8
-2
-4 (base 8) to base 3
-11
1c (base 15) to base 4
123
What is 4 (base 14) in base 9?
4
Convert 2 (base 7) to base 9.
2
What is 85 (base 13) in base 14?
7b
-3 (base 13) to base 6
-3
Convert 20022 (base 3) to base 15.
b5
-100 (base 3) to base 10
-9
Convert 1 (base 7) to base 16.
1
4 (base 14) to base 7
4
Convert -23 (base 6) to base 5.
-30
-66 (base 16) to base 7
-204
Convert 102 (base 3) to base 4.
23
1b (base 13) to base 8
30
Convert -30 (base 8) to base 9.
-26
What is -3 (base 11) in base 10?
-3
What is -60 (base 7) in base 11?
-39
1 (base 11) to base 16
1
What is 17 (base 12) in base 3?
201
Convert 3 (base 14) to base 13.
3
Convert -1 (base 3) to base 10.
-1
Convert -3 (base 6) to base 2.
-11
108 (base 9) to base 11
81
Convert -2 (base 12) to base 7.
-2
What is 1 (base 8) in base 15?
1
-1421 (base 5) to base 15
-10b
Convert 3 (base 14) to base 16.
3
What is -12201 (base 3) in base 6?
-414
Convert -1010 (base 2) to base 7.
-13
Convert -1 (base 10) to base 16.
-1
What is 11 (base 3) in base 13?
4
What is 15 (base 12) in base 7?
23
Convert 10 (base 12) to base 5.
22
Convert 16 (base 12) to base 6.
30
What is 16 (base 16) in base 11?
20
What is 4b (base 16) in base 7?
135
What is 7 (base 16) in base 3?
21
Convert 1 (base 10) to base 16.
1
-4 (base 14) to base 4
-10
What is 1 (base 12) in base 3?
1
Convert 60 (base 7) to base 9.
46
120 (base 15) to base 14
143
What is 110 (base 2) in base 4?
12
Convert -11 (base 2) to base 12.
-3
3 (base 9) to base 3
10
-138 (base 11) to base 5
-1122
What is 13 (base 12) in base 13?
12
1 (base 4) to base 15
1
Convert -24 (base 10) to base 7.
-33
11 (base 5) to base 16
6
-e (base 16) to base 4
-32
What is 50 (base 11) in base 13?
43
9 (base 15) to base 16
9
-4 (base 10) to base 7
-4
1 (base 14) to base 5
1
What is 33 (base 8) in base 16?
1b
What is -2 (base 14) in base 6?
-2
What is 4c (base 13) in base 12?
54
100 (base 3) to base 6
13
19 (base 11) to base 6
32
Convert b (base 14) to base 13.
b
3a (base 16) to base 12
4a
Convert 324 (base 5) to base 10.
89
Convert 1100 (base 4) to base 15.
55
Convert 3 (base 9) to base 15.
3
What is 121 (base 3) in base 9?
17
What is -31 (base 4) in base 8?
-15
-17 (base 10) to base 15
-12
Convert -4 (base 10) to base 8.
-4
What is 25 (base 10) in base 5?
100
What is -10001 (base 2) in base 3?
-122
Convert -18 (base 11) to base 16.
-13
-10 (base 6) to base 15
-6
3 (base 8) to base 16
3
Convert 11 (base 2) to base 15.
3
-2 (base 12) to base 3
-2
Convert -5 (base 10) to base 8.
-5
What is -19 (base 10) in base 11?
-18
What is 0 (base 8) in base 15?
0
-7 (base 10) to base 11
-7
What is -2b (base 13) in base 7?
-52
-6 (base 15) to base 5
-11
What is 265 (base 8) in base 12?
131
Convert -6 (base 11) to base 7.
-6
0 (base 13) to base 2
0
4 (base 15) to base 16
4
Convert -b (base 16) to base 8.
-13
Convert 3 (base 6) to base 2.
11
What is -101 (base 8) in base 14?
-49
Convert 3 (base 14) to base 12.
3
Convert -15 (base 8) to base 7.
-16
Convert 101100 (base 2) to base 7.
62
-26 (base 7) to base 5
-40
What is 7 (base 11) in base 12?
7
-80 (base 11) to base 4
-1120
Convert 11 (base 2) to base 4.
3
Convert -103 (base 4) to base 2.
-10011
-11 (base 2) to base 11
-3
Convert -1 (base 12) to base 10.
-1
What is -11 (base 2) in base 5?
-3
a (base 13) to base 14
a
Convert 163 (base 12) to base 16.
db
3 (base 15) to base 6
3
Convert 3 (base 7) to base 11.
3
What is 34 (base 12) in base 16?
28
Convert -4 (base 5) to base 10.
-4
What is -26 (base 10) in base 15?
-1b
Convert 1c (base 15) to base 7.
36
-3 (base 9) to base 12
-3
-1131 (base 5) to base 15
-b1
What is 27 (base 12) in base 10?
31
What is -157 (base 12) in base 8?
-323
Convert c (base 14) to base 15.
c
What is 21 (base 4) in base 11?
9
-116 (base 7) to base 16
-3e
Convert -466 (base 7) to base 6.
-1044
What is 3 (base 13) in base 9?
3
Convert -11 (base 6) to base